
What is the hundred thousands digit of 187086?
1
What is the hundreds digit of 4669?
6
What is the thousands digit of 7228489?
8
What is the thousands digit of 127527?
7
What is the hundreds digit of 76960?
9
What is the tens digit of 173438?
3
What is the thousands digit of 3098043?
8
What is the units digit of 308791?
1
What is the units digit of 11417923?
3
What is the hundred thousands digit of 127089?
1
What is the thousands digit of 41349?
1
What is the thousands digit of 4901687?
1
What is the units digit of 4769659?
9
What is the tens digit of 12384142?
4
What is the millions digit of 40868189?
0
What is the thousands digit of 508230?
8
What is the ten millions digit of 23140104?
2
What is the tens digit of 6030079?
7
What is the hundred thousands digit of 9389829?
3
What is the hundreds digit of 780233?
2
What is the millions digit of 2840796?
2
What is the hundred thousands digit of 19281614?
2
What is the tens digit of 3129931?
3
What is the hundred thousands digit of 264846?
2
What is the hundreds digit of 2062363?
3
What is the hundreds digit of 4921016?
0
What is the units digit of 12860455?
5
What is the units digit of 426922?
2
What is the thousands digit of 294946?
4
What is the ten thousands digit of 322473?
2
What is the units digit of 226944?
4
What is the tens digit of 74637?
3
What is the hundred thousands digit of 1419564?
4
What is the thousands digit of 277476?
7
What is the ten thousands digit of 1914233?
1
What is the ten thousands digit of 12897?
1
What is the hundred thousands digit of 1860666?
8
What is the hundreds digit of 15892110?
1
What is the thousands digit of 468338?
8
What is the hundreds digit of 210429?
4
What is the units digit of 190215?
5
What is the hundred thousands digit of 410545?
4
What is the hundreds digit of 1360415?
4
What is the thousands digit of 136335?
6
What is the thousands digit of 1048402?
8
What is the units digit of 11009092?
2
What is the tens digit of 16098939?
3
What is the hundreds digit of 997737?
7
What is the units digit of 14787998?
8
What is the thousands digit of 3912333?
2
What is the thousands digit of 99588?
9
What is the tens digit of 164862?
6
What is the thousands digit of 13832631?
2
What is the thousands digit of 20858158?
8
What is the tens digit of 1721241?
4
What is the tens digit of 5031123?
2
What is the thousands digit of 18085392?
5
What is the hundreds digit of 531038?
0
What is the hundreds digit of 15504513?
5
What is the units digit of 2705639?
9
What is the units digit of 1248240?
0
What is the ten millions digit of 15089293?
1
What is the thousands digit of 5827412?
7
What is the units digit of 9634973?
3
What is the hundred thousands digit of 565838?
5
What is the millions digit of 1445871?
1
What is the ten thousands digit of 4127642?
2
What is the tens digit of 6595116?
1
What is the units digit of 521596?
6
What is the hundred thousands digit of 748268?
7
What is the tens digit of 946148?
4
What is the tens digit of 148547?
4
What is the ten thousands digit of 271497?
7
What is the millions digit of 5148312?
5
What is the hundred thousands digit of 572691?
5
What is the hundreds digit of 1406592?
5
What is the hundred thousands digit of 237102?
2
What is the thousands digit of 14221667?
1
What is the millions digit of 2087428?
2
What is the tens digit of 2924029?
2
What is the tens digit of 4341101?
0
What is the units digit of 52802?
2
What is the ten thousands digit of 2837462?
3
What is the units digit of 763830?
0
What is the hundred thousands digit of 17772401?
7
What is the thousands digit of 11680347?
0
What is the ten thousands digit of 2665938?
6
What is the hundred thousands digit of 797917?
7
What is the hundreds digit of 2241308?
3
What is the hundred thousands digit of 2742107?
7
What is the thousands digit of 590763?
0
What is the hundred thousands digit of 858290?
8
What is the tens digit of 1873056?
5
What is the hundreds digit of 2107037?
0
What is the tens digit of 116350?
5
What is the hundred thousands digit of 206486?
2
What is the ten thousands digit of 1313174?
1
What is the hundreds digit of 156169?
1
What is the hundreds digit of 10747628?
6
What is the tens digit of 516863?
6
What is the hundreds digit of 9273?
2
What is the ten thousands digit of 199372?
9
What is the hundred thousands digit of 470591?
4
What is the tens digit of 273986?
8
What is the units digit of 10210006?
6
What is the units digit of 5108139?
9
What is the hundreds digit of 1514031?
0
What is the tens digit of 1578493?
9
What is the millions digit of 8824027?
8
What is the hundred thousands digit of 1513036?
5
What is the tens digit of 2586284?
8
What is the tens digit of 131436?
3
What is the hundreds digit of 970839?
8
What is the thousands digit of 427702?
7
What is the hundreds digit of 77865?
8
What is the ten thousands digit of 1603222?
0
What is the thousands digit of 154994?
4
What is the hundreds digit of 959379?
3
What is the ten thousands digit of 828385?
2
What is the tens digit of 93077?
7
What is the tens digit of 28939010?
1
What is the hundreds digit of 1333996?
9
What is the ten thousands digit of 133845?
3
What is the units digit of 1104697?
7
What is the hundreds digit of 705193?
1
What is the hundreds digit of 5449116?
1
What is the hundred thousands digit of 2715802?
7
What is the ten thousands digit of 296421?
9
What is the units digit of 2345404?
4
What is the ten millions digit of 11421450?
1
What is the hundreds digit of 1023452?
4
What is the hundreds digit of 7017474?
4
What is the tens digit of 853546?
4
What is the units digit of 33123026?
6
What is the hundreds digit of 125491?
4
What is the units digit of 208560?
0
What is the tens digit of 1220732?
3
What is the ten thousands digit of 247146?
4
What is the units digit of 80174?
4
What is the units digit of 7047083?
3
What is the millions digit of 10298843?
0
What is the hundreds digit of 157356?
3
What is the millions digit of 1651845?
1
What is the hundred thousands digit of 511247?
5
What is the hundred thousands digit of 169991?
1
What is the tens digit of 274278?
7
What is the ten thousands digit of 6217283?
1
What is the hundred thousands digit of 1191406?
1
What is the millions digit of 11348609?
1
What is the hundreds digit of 4233158?
1
What is the millions digit of 33411908?
3
What is the thousands digit of 24160035?
0
What is the hundred thousands digit of 10951617?
9
What is the units digit of 659137?
7
What is the units digit of 1693733?
3
What is the units digit of 461710?
0
What is the hundreds digit of 1343966?
9
What is the tens digit of 4118966?
6
What is the thousands digit of 81057?
1
What is the units digit of 78052?
2
What is the ten thousands digit of 2393531?
9
What is the tens digit of 6601861?
6
What is the millions digit of 5266461?
5
What is the millions digit of 2975007?
2
What is the hundreds digit of 2936162?
1
What is the ten thousands digit of 12423136?
2
What is the ten thousands digit of 1499135?
9
What is the hundred thousands digit of 710226?
7
What is the hundreds digit of 167510?
5
What is the units digit of 847130?
0
What is the ten thousands digit of 15242324?
4
What is the millions digit of 2500170?
2
What is the tens digit of 3796291?
9
What is the tens digit of 2411681?
8
What is the thousands digit of 6154164?
4
What is the ten thousands digit of 1205065?
0
What is the hundreds digit of 700834?
8
What is the hundreds digit of 12688392?
3
What is the hundred thousands digit of 1752559?
7
What is the thousands digit of 297482?
7
What is the thousands digit of 15886056?
6
What is the tens digit of 180097?
9
What is the thousands digit of 1516925?
6
What is the thousands digit of 18260740?
0
What is the hundreds digit of 3948433?
4
What is the millions digit of 12817529?
2
What is the thousands digit of 240967?
0
What is the ten millions digit of 12792623?
1
What is the tens digit of 5256439?
3
What is the hundreds digit of 1998284?
2
What is the hundreds digit of 295062?
0
What is the millions digit of 14651343?
4
What is the tens digit of 1823028?
2
What is the tens digit of 24683757?
5
What is the ten thousands digit of 648425?
4
What is the hundred thousands digit of 9485922?
4
What is the millions digit of 11448914?
1
